{"id":7396,"date":"2017-09-18T08:59:45","date_gmt":"2017-09-18T08:59:45","guid":{"rendered":"http:\/\/fussboden-schoensteiner.de\/?page_id=7396"},"modified":"2022-03-09T05:44:15","modified_gmt":"2022-03-09T05:44:15","slug":"impressum","status":"publish","type":"page","link":"https:\/\/www.fussboden-schoensteiner.de\/?page_id=7396","title":{"rendered":"Impressum"},"content":{"rendered":"<h4><\/h4>\n<h4>Angaben gem\u00e4\u00df \u00a7 5 TMG:<\/h4>\n<p>Michael Sch\u00f6nsteiner<br \/>\nMichael &#8211; Zenger &#8211; Ring 22<br \/>\n93177 Altenthann<\/p>\n<p>Vertretungsberechtigt: Michael Sch\u00f6nsteiner<\/p>\n<h4>Kontakt<\/h4>\n<p>Gesch\u00e4ftsf\u00fchrer:\u00a0Michael Sch\u00f6nsteiner<br \/>\nTelefon: 0160 97795132<br \/>\nEmail:\u00a0info@fussboden-schoensteiner.de<\/p>\n<p>Steuernummer\u00a0244\/270\/50587<br \/>\nUmsatzsteuer-Identifikationsnummer: DE266706348<\/p>\n<h4>Verantwortlich f\u00fcr den Inhalt nach \u00a7 55 Abs. 2 RStV:<\/h4>\n<p>Michael Sch\u00f6nsteiner<br \/>\nMichael &#8211; Zenger &#8211; Ring 22<br \/>\n93177 Altenthann<\/p>\n<h4><\/h4>\n<p><strong>Haftungsausschluss\u00a0<\/strong><\/p>\n<p><strong>Haftung f\u00fcr Inhalte<\/strong><\/p>\n<p>Als Diensteanbieter sind wir gem\u00e4\u00df \u00a7 7 Abs.1 TMG f\u00fcr eigene Inhalte auf diesen Seiten nach den allgemeinen Gesetzen verantwortlich. Nach \u00a7\u00a7 8 bis 10 TMG sind wir als Diensteanbieter jedoch nicht verpflichtet, \u00fcbermittelte oder gespeicherte fremde Informationen zu \u00fcberwachen oder nach Umst\u00e4nden zu forschen, die auf eine rechtswidrige T\u00e4tigkeit hinweisen. Verpflichtungen zur Entfernung oder Sperrung der Nutzung von Informationen nach den allgemeinen Gesetzen bleiben hiervon unber\u00fchrt. Eine diesbez\u00fcgliche Haftung ist jedoch erst ab dem Zeitpunkt der Kenntnis einer konkreten Rechtsverletzung m\u00f6glich. Bei Bekanntwerden von entsprechenden Rechtsverletzungen werden wir diese Inhalte umgehend entfernen.<\/p>\n<p><strong>Haftung f\u00fcr Links<\/strong><\/p>\n<p>Unser Angebot enth\u00e4lt Links zu externen Webseiten Dritter, auf deren Inhalte wir keinen Einfluss haben. Deshalb k\u00f6nnen wir f\u00fcr diese fremden Inhalte auch keine Gew\u00e4hr \u00fcbernehmen. F\u00fcr die Inhalte der verlinkten Seiten ist stets der jeweilige Anbieter oder Betreiber der Seiten verantwortlich. Die verlinkten Seiten wurden zum Zeitpunkt der Verlinkung auf m\u00f6gliche Rechtsverst\u00f6\u00dfe \u00fcberpr\u00fcft. Rechtswidrige Inhalte waren zum Zeitpunkt der Verlinkung nicht erkennbar. Eine permanente inhaltliche Kontrolle der verlinkten Seiten ist jedoch ohne konkrete Anhaltspunkte einer Rechtsverletzung nicht zumutbar. Bei Bekanntwerden von Rechtsverletzungen werden wir derartige Links umgehend entfernen.<\/p>\n<p><strong>Urheberrecht<\/strong><\/p>\n<p>Die durch die Seitenbetreiber erstellten Inhalte und Werke auf diesen Seiten unterliegen dem deutschen Urheberrecht. Die Vervielf\u00e4ltigung, Bearbeitung, Verbreitung und jede Art der Verwertung au\u00dferhalb der Grenzen des Urheberrechtes bed\u00fcrfen der schriftlichen Zustimmung des jeweiligen Autors bzw. Erstellers. Downloads und Kopien dieser Seite sind nur f\u00fcr den privaten, nicht kommerziellen Gebrauch gestattet. Soweit die Inhalte auf dieser Seite nicht vom Betreiber erstellt wurden, werden die Urheberrechte Dritter beachtet. Insbesondere werden Inhalte Dritter als solche gekennzeichnet. Sollten Sie trotzdem auf eine Urheberrechtsverletzung aufmerksam werden, bitten wir um einen entsprechenden Hinweis. Bei Bekanntwerden von Rechtsverletzungen werden wir derartige Inhalte umgehend entfernen.<\/p>\n<p><strong>Bildnachweis<\/strong><\/p>\n<p>Die Bilder, die hier auf dieser Website Verwendung finden stammen von:<br \/>\nQuelle: TRAPA GmbH<br \/>\nQuelle: Virtual Reality Media<\/p>\n<p><strong>Bildnachweis Gewerbeseiten:<\/strong><\/p>\n<p>Die Verantwortung f\u00fcr den Inhalt der Seiten insbesondere Angebote und Markenrechtlich relevante Inhalte und Bilder liegt im Verantwortungsbereich der jeweiligen Betriebe.<\/p>\n<p><strong>Datenschutz:<\/strong><\/p>\n<p>Wir verweisen auf unsere <a href=\"https:\/\/www.fussboden-schoensteiner.de\/?page_id=7398\">Datenschutzerkl\u00e4rung.<\/a><\/p>\n<p><strong>EU Streitschlichtungsplattform:<\/strong><\/p>\n<p>Die Europ\u00e4ische Kommission stellt eine Plattform zur Online-Streitbeilegung (OS) bereit.<br \/>\nPlattform der EU-Kommission zur Online-Streitbeilegung:\u00a0<a href=\"https:\/\/webgate.ec.europa.eu\/odr\/main\/index.cfm?event=main.home.show&amp;lng=DE\">www.ec.europa.eu\/consumers\/odr<\/a><\/p>\n<p>Email:\u00a0info@fussboden-schoensteiner.der<\/p>\n<p>Konzept &amp; Copyright &#8211; Virtual Reality Media &#8211; Tel. 08752 8664505<\/p>\n","protected":false},"excerpt":{"rendered":"<p>Angaben gem\u00e4\u00df \u00a7 5 TMG: Michael Sch\u00f6nsteiner Michael &#8211; Zenger &#8211; Ring 22 93177 Altenthann Vertretungsberechtigt: Michael Sch\u00f6nsteiner Kontakt Gesch\u00e4ftsf\u00fchrer:\u00a0Michael Sch\u00f6nsteiner Telefon: 0160 97795132 Email:\u00a0info@fussboden-schoensteiner.de Steuernummer\u00a0244\/270\/50587 Umsatzsteuer-Identifikationsnummer: DE266706348 Verantwortlich f\u00fcr den Inhalt nach \u00a7 55 Abs. 2 RStV: Michael Sch\u00f6nsteiner Michael &#8211; Zenger &#8211; Ring 22 93177 Altenthann Haftungsausschluss\u00a0 Haftung f\u00fcr Inhalte Als Diensteanbieter sind<br \/><a href=\"https:\/\/www.fussboden-schoensteiner.de\/?page_id=7396\" class=\"more\">Read more<\/a><\/p>\n","protected":false},"author":2,"featured_media":0,"parent":0,"menu_order":0,"comment_status":"closed","ping_status":"closed","template":"","meta":[],"_links":{"self":[{"href":"https:\/\/www.fussboden-schoensteiner.de\/index.php?rest_route=\/wp\/v2\/pages\/7396"}],"collection":[{"href":"https:\/\/www.fussboden-schoensteiner.de\/index.php?rest_route=\/wp\/v2\/pages"}],"about":[{"href":"https:\/\/www.fussboden-schoensteiner.de\/index.php?rest_route=\/wp\/v2\/types\/page"}],"author":[{"embeddable":true,"href":"https:\/\/www.fussboden-schoensteiner.de\/index.php?rest_route=\/wp\/v2\/users\/2"}],"replies":[{"embeddable":true,"href":"https:\/\/www.fussboden-schoensteiner.de\/index.php?rest_route=%2Fwp%2Fv2%2Fcomments&post=7396"}],"version-history":[{"count":10,"href":"https:\/\/www.fussboden-schoensteiner.de\/index.php?rest_route=\/wp\/v2\/pages\/7396\/revisions"}],"predecessor-version":[{"id":7725,"href":"https:\/\/www.fussboden-schoensteiner.de\/index.php?rest_route=\/wp\/v2\/pages\/7396\/revisions\/7725"}],"wp:attachment":[{"href":"https:\/\/www.fussboden-schoensteiner.de\/index.php?rest_route=%2Fwp%2Fv2%2Fmedia&parent=7396"}],"curies":[{"name":"wp","href":"https:\/\/api.w.org\/{rel}","templated":true}]}}